{"id":285,"date":"2026-01-11T03:12:44","date_gmt":"2026-01-11T03:12:44","guid":{"rendered":"https:\/\/heliosfashionstore.click\/?page_id=285"},"modified":"2026-01-11T04:06:20","modified_gmt":"2026-01-11T04:06:20","slug":"chinh-sach-quyen-rieng-tu","status":"publish","type":"page","link":"https:\/\/heliosfashionstore.click\/?page_id=285","title":{"rendered":"Ch\u00ednh S\u00e1ch B\u1ea3o M\u1eadt Quy\u1ec1n Ri\u00eang T\u01b0"},"content":{"rendered":"\n<p><strong>Ch\u00ednh s\u00e1ch b\u1ea3o m\u1eadt quy\u1ec1n ri\u00eang t\u01b0 \u2013 Helios Fashion Store<\/strong><\/p>\n\n\n\n<p>Helios Fashion Store cam k\u1ebft b\u1ea3o m\u1eadt th\u00f4ng tin c\u00e1 nh\u00e2n c\u1ee7a kh\u00e1ch h\u00e0ng khi truy c\u1eadp v\u00e0 s\u1eed d\u1ee5ng website ch\u00ednh s\u00e1ch n\u00e0y nh\u1eb1m gi\u1ea3i th\u00edch c\u00e1ch ch\u00fang t\u00f4i thu th\u1eadp, s\u1eed d\u1ee5ng v\u00e0 b\u1ea3o v\u1ec7 th\u00f4ng tin c\u1ee7a ng\u01b0\u1eddi d\u00f9ng.<\/p>\n\n\n\n<p><strong>1. Th\u00f4ng tin ch\u00fang t\u00f4i thu th\u1eadp<\/strong><\/p>\n\n\n\n<p>Ch\u00fang t\u00f4i c\u00f3 th\u1ec3 thu th\u1eadp c\u00e1c th\u00f4ng tin c\u00e1 nh\u00e2n sau:<\/p>\n\n\n\n<ul class=\"wp-block-list\">\n<li>H\u1ecd v\u00e0 t\u00ean<\/li>\n\n\n\n<li>\u0110\u1ecba ch\u1ec9 email<\/li>\n\n\n\n<li>S\u1ed1 \u0111i\u1ec7n tho\u1ea1i<\/li>\n\n\n\n<li>\u0110\u1ecba ch\u1ec9 giao h\u00e0ng<\/li>\n\n\n\n<li>Th\u00f4ng tin \u0111\u01a1n h\u00e0ng v\u00e0 l\u1ecbch s\u1eed mua s\u1eafm<\/li>\n<\/ul>\n\n\n\n<p>Ngo\u00e0i ra, website c\u00f3 th\u1ec3 thu th\u1eadp m\u1ed9t s\u1ed1 d\u1eef li\u1ec7u k\u1ef9 thu\u1eadt nh\u01b0 \u0111\u1ecba ch\u1ec9 ip, lo\u1ea1i tr\u00ecnh duy\u1ec7t v\u00e0 cookie nh\u1eb1m c\u1ea3i thi\u1ec7n tr\u1ea3i nghi\u1ec7m ng\u01b0\u1eddi d\u00f9ng.<\/p>\n\n\n\n<p><strong>2. M\u1ee5c \u0111\u00edch s\u1eed d\u1ee5ng th\u00f4ng tin<\/strong><\/p>\n\n\n\n<p>Th\u00f4ng tin c\u00e1 nh\u00e2n c\u1ee7a kh\u00e1ch h\u00e0ng \u0111\u01b0\u1ee3c s\u1eed d\u1ee5ng \u0111\u1ec3:<\/p>\n\n\n\n<ul class=\"wp-block-list\">\n<li>X\u1eed l\u00fd \u0111\u01a1n h\u00e0ng v\u00e0 giao s\u1ea3n ph\u1ea9m<\/li>\n\n\n\n<li>Li\u00ean h\u1ec7 x\u00e1c nh\u1eadn \u0111\u01a1n h\u00e0ng ho\u1eb7c h\u1ed7 tr\u1ee3 kh\u00e1ch h\u00e0ng<\/li>\n\n\n\n<li>Cung c\u1ea5p th\u00f4ng tin v\u1ec1 s\u1ea3n ph\u1ea9m, ch\u01b0\u01a1ng tr\u00ecnh khuy\u1ebfn m\u00e3i (n\u1ebfu kh\u00e1ch h\u00e0ng \u0111\u1ed3ng \u00fd)<\/li>\n\n\n\n<li>C\u1ea3i thi\u1ec7n ch\u1ea5t l\u01b0\u1ee3ng d\u1ecbch v\u1ee5 v\u00e0 n\u1ed9i dung website<\/li>\n<\/ul>\n\n\n\n<p><strong>3. Chia s\u1ebb th\u00f4ng tin v\u1edbi b\u00ean th\u1ee9 ba<\/strong><\/p>\n\n\n\n<p>Helios Fashion Store kh\u00f4ng b\u00e1n, cho thu\u00ea ho\u1eb7c chia s\u1ebb th\u00f4ng tin c\u00e1 nh\u00e2n c\u1ee7a kh\u00e1ch h\u00e0ng cho b\u00ean th\u1ee9 ba kh\u00f4ng li\u00ean quan.<br>trong m\u1ed9t s\u1ed1 tr\u01b0\u1eddng h\u1ee3p c\u1ea7n thi\u1ebft, th\u00f4ng tin c\u00f3 th\u1ec3 \u0111\u01b0\u1ee3c chia s\u1ebb v\u1edbi:<\/p>\n\n\n\n<ul class=\"wp-block-list\">\n<li>\u0110\u01a1n v\u1ecb v\u1eadn chuy\u1ec3n \u0111\u1ec3 giao h\u00e0ng<\/li>\n\n\n\n<li>\u0110\u1ed1i t\u00e1c thanh to\u00e1n (n\u1ebfu c\u00f3)<\/li>\n<\/ul>\n\n\n\n<p>C\u00e1c b\u00ean n\u00e0y \u0111\u1ec1u ph\u1ea3i cam k\u1ebft b\u1ea3o m\u1eadt th\u00f4ng tin kh\u00e1ch h\u00e0ng.<\/p>\n\n\n\n<p><strong>4. Cookie<\/strong><\/p>\n\n\n\n<p>Website s\u1eed d\u1ee5ng cookie \u0111\u1ec3:<\/p>\n\n\n\n<ul class=\"wp-block-list\">\n<li>Ghi nh\u1edb th\u00f4ng tin \u0111\u0103ng nh\u1eadp<\/li>\n\n\n\n<li>L\u01b0u gi\u1ecf h\u00e0ng<\/li>\n\n\n\n<li>Ph\u00e2n t\u00edch h\u00e0nh vi ng\u01b0\u1eddi d\u00f9ng nh\u1eb1m t\u1ed1i \u01b0u tr\u1ea3i nghi\u1ec7m mua s\u1eafm<\/li>\n<\/ul>\n\n\n\n<p>Ng\u01b0\u1eddi d\u00f9ng c\u00f3 th\u1ec3 t\u1eaft cookie trong tr\u00ecnh duy\u1ec7t n\u1ebfu kh\u00f4ng mu\u1ed1n s\u1eed d\u1ee5ng.<\/p>\n\n\n\n<p><strong>5. B\u1ea3o m\u1eadt th\u00f4ng tin<\/strong><\/p>\n\n\n\n<p>Ch\u00fang t\u00f4i \u00e1p d\u1ee5ng c\u00e1c bi\u1ec7n ph\u00e1p k\u1ef9 thu\u1eadt ph\u00f9 h\u1ee3p \u0111\u1ec3 b\u1ea3o v\u1ec7 th\u00f4ng tin c\u00e1 nh\u00e2n kh\u1ecfi truy c\u1eadp tr\u00e1i ph\u00e9p, m\u1ea5t m\u00e1t ho\u1eb7c r\u00f2 r\u1ec9 d\u1eef li\u1ec7u.<\/p>\n\n\n\n<p><strong>6. Quy\u1ec1n c\u1ee7a kh\u00e1ch h\u00e0ng<\/strong><\/p>\n\n\n\n<p>Kh\u00e1ch h\u00e0ng c\u00f3 quy\u1ec1n:<\/p>\n\n\n\n<ul class=\"wp-block-list\">\n<li>Y\u00eau c\u1ea7u xem, ch\u1ec9nh s\u1eeda ho\u1eb7c x\u00f3a th\u00f4ng tin c\u00e1 nh\u00e2n<\/li>\n\n\n\n<li>T\u1eeb ch\u1ed1i nh\u1eadn email marketing b\u1ea5t c\u1ee9 l\u00fac n\u00e0o<\/li>\n<\/ul>\n\n\n\n<p><strong>7. Th\u00f4ng tin li\u00ean h\u1ec7<\/strong><\/p>\n\n\n\n<p>N\u1ebfu c\u00f3 b\u1ea5t k\u1ef3 th\u1eafc m\u1eafc n\u00e0o li\u00ean quan \u0111\u1ebfn ch\u00ednh s\u00e1ch quy\u1ec1n ri\u00eang t\u01b0, vui l\u00f2ng li\u00ean h\u1ec7 v\u1edbi ch\u00fang t\u00f4i qua:<\/p>\n\n\n\n<ul class=\"wp-block-list\">\n<li>Email: <a><a href=\"https:\/\/heliosfashionstore.click\/?utm_source=chatgpt.com#\">heliosfashionstore@gmail.com<\/a><\/a><\/li>\n\n\n\n<li>S\u0110T:<a href=\"https:\/\/heliosfashionstore.click\/?utm_source=chatgpt.com#\">+84 97 742 82 31<\/a><\/li>\n<\/ul>\n\n\n\n<p><\/p>\n","protected":false},"excerpt":{"rendered":"<p>Ch\u00ednh s\u00e1ch b\u1ea3o m\u1eadt quy\u1ec1n ri\u00eang t\u01b0 \u2013 Helios Fashion Store Helios Fashion Store cam k\u1ebft b\u1ea3o m\u1eadt th\u00f4ng tin c\u00e1 nh\u00e2n c\u1ee7a kh\u00e1ch h\u00e0ng khi truy c\u1eadp v\u00e0 s\u1eed d\u1ee5ng website ch\u00ednh s\u00e1ch n\u00e0y nh\u1eb1m gi\u1ea3i th\u00edch c\u00e1ch ch\u00fang t\u00f4i thu th\u1eadp, s\u1eed d\u1ee5ng v\u00e0 b\u1ea3o v\u1ec7 th\u00f4ng tin c\u1ee7a ng\u01b0\u1eddi d\u00f9ng. 1. Th\u00f4ng&#8230;<\/p>\n","protected":false},"author":1,"featured_media":0,"parent":0,"menu_order":0,"comment_status":"closed","ping_status":"closed","template":"","meta":{"footnotes":""},"class_list":["post-285","page","type-page","status-publish","hentry"],"yoast_head":"<!-- This site is optimized with the Yoast SEO plugin v26.3 - https:\/\/yoast.com\/wordpress\/plugins\/seo\/ -->\n<title>Ch\u00ednh S\u00e1ch B\u1ea3o M\u1eadt Quy\u1ec1n Ri\u00eang T\u01b0 - Helios fashion store<\/title>\n<meta name=\"robots\" content=\"index, follow, max-snippet:-1, max-image-preview:large, max-video-preview:-1\" \/>\n<link rel=\"canonical\" href=\"https:\/\/heliosfashionstore.click\/?page_id=285\" \/>\n<meta property=\"og:locale\" content=\"vi_VN\" \/>\n<meta property=\"og:type\" content=\"article\" \/>\n<meta property=\"og:title\" content=\"Ch\u00ednh S\u00e1ch B\u1ea3o M\u1eadt Quy\u1ec1n Ri\u00eang T\u01b0 - Helios fashion store\" \/>\n<meta property=\"og:description\" content=\"Ch\u00ednh s\u00e1ch b\u1ea3o m\u1eadt quy\u1ec1n ri\u00eang t\u01b0 \u2013 Helios Fashion Store Helios Fashion Store cam k\u1ebft b\u1ea3o m\u1eadt th\u00f4ng tin c\u00e1 nh\u00e2n c\u1ee7a kh\u00e1ch h\u00e0ng khi truy c\u1eadp v\u00e0 s\u1eed d\u1ee5ng website ch\u00ednh s\u00e1ch n\u00e0y nh\u1eb1m gi\u1ea3i th\u00edch c\u00e1ch ch\u00fang t\u00f4i thu th\u1eadp, s\u1eed d\u1ee5ng v\u00e0 b\u1ea3o v\u1ec7 th\u00f4ng tin c\u1ee7a ng\u01b0\u1eddi d\u00f9ng. 1. Th\u00f4ng...\" \/>\n<meta property=\"og:url\" content=\"https:\/\/heliosfashionstore.click\/?page_id=285\" \/>\n<meta property=\"og:site_name\" content=\"Helios fashion store\" \/>\n<meta property=\"article:modified_time\" content=\"2026-01-11T04:06:20+00:00\" \/>\n<meta name=\"twitter:card\" content=\"summary_large_image\" \/>\n<meta name=\"twitter:label1\" content=\"\u01af\u1edbc t\u00ednh th\u1eddi gian \u0111\u1ecdc\" \/>\n\t<meta name=\"twitter:data1\" content=\"3 ph\u00fat\" \/>\n<script type=\"application\/ld+json\" class=\"yoast-schema-graph\">{\"@context\":\"https:\/\/schema.org\",\"@graph\":[{\"@type\":\"WebPage\",\"@id\":\"https:\/\/heliosfashionstore.click\/?page_id=285\",\"url\":\"https:\/\/heliosfashionstore.click\/?page_id=285\",\"name\":\"Ch\u00ednh S\u00e1ch B\u1ea3o M\u1eadt Quy\u1ec1n Ri\u00eang T\u01b0 - Helios fashion store\",\"isPartOf\":{\"@id\":\"https:\/\/heliosfashionstore.click\/#website\"},\"datePublished\":\"2026-01-11T03:12:44+00:00\",\"dateModified\":\"2026-01-11T04:06:20+00:00\",\"breadcrumb\":{\"@id\":\"https:\/\/heliosfashionstore.click\/?page_id=285#breadcrumb\"},\"inLanguage\":\"vi\",\"potentialAction\":[{\"@type\":\"ReadAction\",\"target\":[\"https:\/\/heliosfashionstore.click\/?page_id=285\"]}]},{\"@type\":\"BreadcrumbList\",\"@id\":\"https:\/\/heliosfashionstore.click\/?page_id=285#breadcrumb\",\"itemListElement\":[{\"@type\":\"ListItem\",\"position\":1,\"name\":\"Trang ch\u1ee7\",\"item\":\"https:\/\/heliosfashionstore.click\/\"},{\"@type\":\"ListItem\",\"position\":2,\"name\":\"Ch\u00ednh S\u00e1ch B\u1ea3o M\u1eadt Quy\u1ec1n Ri\u00eang T\u01b0\"}]},{\"@type\":\"WebSite\",\"@id\":\"https:\/\/heliosfashionstore.click\/#website\",\"url\":\"https:\/\/heliosfashionstore.click\/\",\"name\":\"Helios fashion store\",\"description\":\"\",\"publisher\":{\"@id\":\"https:\/\/heliosfashionstore.click\/#organization\"},\"potentialAction\":[{\"@type\":\"SearchAction\",\"target\":{\"@type\":\"EntryPoint\",\"urlTemplate\":\"https:\/\/heliosfashionstore.click\/?s={search_term_string}\"},\"query-input\":{\"@type\":\"PropertyValueSpecification\",\"valueRequired\":true,\"valueName\":\"search_term_string\"}}],\"inLanguage\":\"vi\"},{\"@type\":\"Organization\",\"@id\":\"https:\/\/heliosfashionstore.click\/#organization\",\"name\":\"Helios fashion store\",\"url\":\"https:\/\/heliosfashionstore.click\/\",\"logo\":{\"@type\":\"ImageObject\",\"inLanguage\":\"vi\",\"@id\":\"https:\/\/heliosfashionstore.click\/#\/schema\/logo\/image\/\",\"url\":\"https:\/\/heliosfashionstore.click\/wp-content\/uploads\/2025\/11\/Black-and-Grey-Fashion-Logo-2-edited-1.png\",\"contentUrl\":\"https:\/\/heliosfashionstore.click\/wp-content\/uploads\/2025\/11\/Black-and-Grey-Fashion-Logo-2-edited-1.png\",\"width\":424,\"height\":424,\"caption\":\"Helios fashion store\"},\"image\":{\"@id\":\"https:\/\/heliosfashionstore.click\/#\/schema\/logo\/image\/\"}}]}<\/script>\n<!-- \/ Yoast SEO plugin. -->","yoast_head_json":{"title":"Ch\u00ednh S\u00e1ch B\u1ea3o M\u1eadt Quy\u1ec1n Ri\u00eang T\u01b0 - Helios fashion store","robots":{"index":"index","follow":"follow","max-snippet":"max-snippet:-1","max-image-preview":"max-image-preview:large","max-video-preview":"max-video-preview:-1"},"canonical":"https:\/\/heliosfashionstore.click\/?page_id=285","og_locale":"vi_VN","og_type":"article","og_title":"Ch\u00ednh S\u00e1ch B\u1ea3o M\u1eadt Quy\u1ec1n Ri\u00eang T\u01b0 - Helios fashion store","og_description":"Ch\u00ednh s\u00e1ch b\u1ea3o m\u1eadt quy\u1ec1n ri\u00eang t\u01b0 \u2013 Helios Fashion Store Helios Fashion Store cam k\u1ebft b\u1ea3o m\u1eadt th\u00f4ng tin c\u00e1 nh\u00e2n c\u1ee7a kh\u00e1ch h\u00e0ng khi truy c\u1eadp v\u00e0 s\u1eed d\u1ee5ng website ch\u00ednh s\u00e1ch n\u00e0y nh\u1eb1m gi\u1ea3i th\u00edch c\u00e1ch ch\u00fang t\u00f4i thu th\u1eadp, s\u1eed d\u1ee5ng v\u00e0 b\u1ea3o v\u1ec7 th\u00f4ng tin c\u1ee7a ng\u01b0\u1eddi d\u00f9ng. 1. Th\u00f4ng...","og_url":"https:\/\/heliosfashionstore.click\/?page_id=285","og_site_name":"Helios fashion store","article_modified_time":"2026-01-11T04:06:20+00:00","twitter_card":"summary_large_image","twitter_misc":{"\u01af\u1edbc t\u00ednh th\u1eddi gian \u0111\u1ecdc":"3 ph\u00fat"},"schema":{"@context":"https:\/\/schema.org","@graph":[{"@type":"WebPage","@id":"https:\/\/heliosfashionstore.click\/?page_id=285","url":"https:\/\/heliosfashionstore.click\/?page_id=285","name":"Ch\u00ednh S\u00e1ch B\u1ea3o M\u1eadt Quy\u1ec1n Ri\u00eang T\u01b0 - Helios fashion store","isPartOf":{"@id":"https:\/\/heliosfashionstore.click\/#website"},"datePublished":"2026-01-11T03:12:44+00:00","dateModified":"2026-01-11T04:06:20+00:00","breadcrumb":{"@id":"https:\/\/heliosfashionstore.click\/?page_id=285#breadcrumb"},"inLanguage":"vi","potentialAction":[{"@type":"ReadAction","target":["https:\/\/heliosfashionstore.click\/?page_id=285"]}]},{"@type":"BreadcrumbList","@id":"https:\/\/heliosfashionstore.click\/?page_id=285#breadcrumb","itemListElement":[{"@type":"ListItem","position":1,"name":"Trang ch\u1ee7","item":"https:\/\/heliosfashionstore.click\/"},{"@type":"ListItem","position":2,"name":"Ch\u00ednh S\u00e1ch B\u1ea3o M\u1eadt Quy\u1ec1n Ri\u00eang T\u01b0"}]},{"@type":"WebSite","@id":"https:\/\/heliosfashionstore.click\/#website","url":"https:\/\/heliosfashionstore.click\/","name":"Helios fashion store","description":"","publisher":{"@id":"https:\/\/heliosfashionstore.click\/#organization"},"potentialAction":[{"@type":"SearchAction","target":{"@type":"EntryPoint","urlTemplate":"https:\/\/heliosfashionstore.click\/?s={search_term_string}"},"query-input":{"@type":"PropertyValueSpecification","valueRequired":true,"valueName":"search_term_string"}}],"inLanguage":"vi"},{"@type":"Organization","@id":"https:\/\/heliosfashionstore.click\/#organization","name":"Helios fashion store","url":"https:\/\/heliosfashionstore.click\/","logo":{"@type":"ImageObject","inLanguage":"vi","@id":"https:\/\/heliosfashionstore.click\/#\/schema\/logo\/image\/","url":"https:\/\/heliosfashionstore.click\/wp-content\/uploads\/2025\/11\/Black-and-Grey-Fashion-Logo-2-edited-1.png","contentUrl":"https:\/\/heliosfashionstore.click\/wp-content\/uploads\/2025\/11\/Black-and-Grey-Fashion-Logo-2-edited-1.png","width":424,"height":424,"caption":"Helios fashion store"},"image":{"@id":"https:\/\/heliosfashionstore.click\/#\/schema\/logo\/image\/"}}]}},"jetpack_sharing_enabled":true,"jetpack-related-posts":[],"_links":{"self":[{"href":"https:\/\/heliosfashionstore.click\/index.php?rest_route=\/wp\/v2\/pages\/285","targetHints":{"allow":["GET"]}}],"collection":[{"href":"https:\/\/heliosfashionstore.click\/index.php?rest_route=\/wp\/v2\/pages"}],"about":[{"href":"https:\/\/heliosfashionstore.click\/index.php?rest_route=\/wp\/v2\/types\/page"}],"author":[{"embeddable":true,"href":"https:\/\/heliosfashionstore.click\/index.php?rest_route=\/wp\/v2\/users\/1"}],"replies":[{"embeddable":true,"href":"https:\/\/heliosfashionstore.click\/index.php?rest_route=%2Fwp%2Fv2%2Fcomments&post=285"}],"version-history":[{"count":0,"href":"https:\/\/heliosfashionstore.click\/index.php?rest_route=\/wp\/v2\/pages\/285\/revisions"}],"wp:attachment":[{"href":"https:\/\/heliosfashionstore.click\/index.php?rest_route=%2Fwp%2Fv2%2Fmedia&parent=285"}],"curies":[{"name":"wp","href":"https:\/\/api.w.org\/{rel}","templated":true}]}}